 s be b(5). Calculate the remainder when 16 is divided by s + 72/32 + 1/(-4).
7
Calculate the remainder when ((-1088)/(-6))/4 + (-18)/(-27) is divided by 24.
22
Let h be ((-6)/18)/(2/(-18)). Suppose -7*q = -h*q + 4*t - 116, -5*q = -2*t - 173. Calculate the remainder when 64 is divided by q.
31
Suppose -18*d = -14*d, -100 = -5*o + 4*d. What is the remainder when o is divided by 8?
4
Let z = 40 - 24. Suppose 0 = i - z - 8. What is the remainder when 71 is divided by i?
23
Let h = 466 - 463. What is the remainder when 256 is divided by h?
1
What is the remainder when ((2 - -1)/(-3))/(2/(-38)) is divided by 1?
0
Let l be 3 + (10/(-2))/(-5). Let c = 27 - -53. Suppose -4*q = 2*n - 18 - 64, -c = -l*q - 4*n. Calculate the remainder when 83 is divided by q.
20
Let a be 1/(3*1/54)*1. Suppose 0 = -2*f + f - 3*m + a, 0 = -5*m + 10. Calculate the remainder when 69 is divided by f.
9
Let c = 10 + 0. Suppose 0 = -i + c + 11. Calculate the remainder when 41 is divided by i.
20
Let w(z) = 45*z - 5. Let q be w(5). Suppose 3*f = -2*f + q. What is the remainder when f is divided by (-6)/(-10) + (-1344)/(-60)?
21
Let c = 93 - 22. Let m = 295 + -271. What is the remainder when c - ((-1)/(-1) - 0) is divided by m?
22
Suppose 3*i - l - 73 = 0, 13*l - 11*l = -8. What is the remainder when 83 is divided by i?
14
Let f be -36*((-25)/20 - 0). Suppose 3*w + 5*k - f = 0, 2*w - 4*k + 2*k = 14. What is the remainder when 57 is divided by w?
7
Let b(z) = -64*z - 8 - z**2 - 13 + 78*z. Let r = 64 + -19. Calculate the remainder when r is divided by b(9).
21
Suppose 357 = -0*l + 17*l. Calculate the remainder when 36 is divided by l.
15
Let b(a) = -3 - 2*a + 2*a**2 + a - 2 - 2*a. Let d be b(7). Suppose -24*x = -28*x + d. What is the remainder when x is divided by 10?
8
Suppose -18*i + 14*i = -a - 81, -i + 5*a + 6 = 0. Let h(w) = w - 8. Calculate the remainder when i is divided by h(22).
7
Let z = -110 + 107. Calculate the remainder when (z - 75/(-27)) + (-2193)/(-27) is divided by 36.
9
Let z = 16 - 35. Let u = -5 - z. Calculate the remainder when 95 is divided by u.
11
Suppose -5*l + 495 = 230. Calculate the remainder when 1002 is divided by l.
48
Let w = -118 - -235. What is the remainder when w is divided by (2 - 4)*(-13899)/678?
35
Let u(t) = 2*t**2 - 26*t + 39. What is the remainder when u(13) is divided by 15?
9
Let r = -708 + 1343. Suppose 0 = l - 6*l + r. Calculate the remainder when l is divided by 26.
23
Let g = -10 - -4. Suppose -5*n - 4*q - 16 = 10, -2*q = 4*n + 16. What is the remainder when (-5 - n)/(g/194) is divided by 25?
22
Suppose -x + 3 = -6. Let d(q) = q - 3. Let g be d(x). Suppose 5*v + g = f, f - 12 = -f - 2*v. Calculate the remainder when 35 is divided by f.
5
Suppose -5 = -2*d + 3. Suppose -25 = 5*y, -d*y = -0*i - i + 36. What is the remainder when 28 is divided by (-200)/i*(-6)/5?
13
Suppose -4*y + 300 + 282 = 2*j, -4*y + 3*j = -557. What is the remainder when y is divided by 24?
23
Let y(x) = -84*x - 1424. Calculate the remainder when y(-19) is divided by 106.
66
Suppose 0 = -4*d - 3*t + 398, -2*d + 402 = 2*d + 5*t. Suppose 3*f + 0*f - d = -4*v, 132 = 5*v - f. What is the remainder when 75 is divided by v?
23
Let h(i) = i**3 - 53*i**2 + 150*i + 102. What is the remainder when h(50) is divided by 7?
4
Let q = 2 - -9. Let i = 9 - 15. What is the remainder when ((-164)/i)/(6/9) is divided by q?
8
Suppose -2*y = t + t - 22, t = -5*y + 51. Calculate the remainder when (-82)/369 + -4*951/(-108) is divided by y.
5
Suppose -2513 = -3*k - 2414. Let b(g) = g**3 + 16*g**2 + 13*g - 21. What is the remainder when k is divided by b(-15)?
6
Suppose -21*o + 173 + 58 = 0. What is the remainder when o is divided by 5?
1
Let m = 129 + -50. Let a = m + -21. Calculate the remainder when a is divided by 10.
8
Let c = 14 - 9. Suppose 2*p = c*b, -4*p + b = -22 + 4. Suppose 27 = 3*i + 2*v - 34, p*i - 91 = 2*v. What is the remainder when i is divided by 5?
4
What is the remainder when 214 is divided by 38/285 - 1940/(-75)?
6
Let r(i) = i**3 + i + 18. Let x = 356 + -244. Suppose -2*a - 2*o = -x, -6*o + 2*o - 94 = -2*a. Calculate the remainder when a is divided by r(0).
17
Let z(v) = v**2 - v. Suppose 0 = 2*n + 3*f - 2, 0*f + 2*f + 8 = 0. Calculate the remainder when z(-2) is divided by n/((-21)/4)*-3.
2
Let y = 27 - 26. Calculate the remainder when 18 is divided by (1 - -2) + y - -3.
4
Let a = -79 + 40. Calculate the remainder when 51 is divided by 1*a*4/(-12).
12
Let c be ((-10)/(-8))/((-4)/64). Let v be (-88)/c*(-25)/(-1). What is the remainder when (-30)/(-15)*v/4 is divided by 19?
17
Suppose -3*r = 4*r. Suppose -4*u + 8*u - 4 = 0, w - 5*u - 8 = r. Calculate the remainder when 76 is divided by w.
11
Suppose 2*c = -4*m + 76, -5*m - c + 100 = 4*c. Let q(p) = p**2 + p - 1. Let x be q(0). What is the remainder when m is divided by 32/16 + (4 - x)?
4
Let r = -75 - -113. Suppose -5*y = 5*o - 150, y + 5 = -2*o + r. Let f(s) = 8*s**2 + 2*s + 2. Calculate the remainder when f(3) is divided by y.
26
Let r = 299 - 44. Calculate the remainder when r is divided by 32.
31
Let h(j) = -16*j + 1. Let u = 4 - 6. Calculate the remainder when h(u) is divided by 34 + -36 - (0 + -1)*11.
6
Let q(u) be the third derivative of u**4/24 + 5*u**3/3 - 6*u**2. Let n be q(10). What is the remainder when 215/n*(-8)/(-2) is divided by 11?
10
What is the remainder when 156 is divided by (18/(-2) - 3)/((-27)/90)?
36
Let r = 45 + -11. Suppose 3*n = -d + 31, 3*d - 48 = 2*n - 6*n. Suppose -n = 2*y - 3*y. What is the remainder when r is divided by y?
7
Let n = -11 + 22. What is the remainder when (-4550)/(-75)*12/14 is divided by n?
8
Calculate the remainder when (0/(-2))/(-3) + 59 is divided by (-20)/(-25) + 288/15.
19
Suppose -9*b + 11*b = 0. Suppose -3*a + 8*a - 150 = b. Calculate the remainder when (-1)/(-2)*122 - 2 is divided by a.
29
Let l = -343 + 151. Let b = -149 - l. What is the remainder when b is divided by 16?
11
Let y = 135 - 112. Calculate the remainder when 136 is divided by y.
21
Let o = 11 - 14. Let i(k) = -2*k**2 - 5*k + 4. Let p be i(1). What is the remainder when (-270)/p - (0 + o) is divided by 19?
17
Let o = -69 - -136. Suppose -4*q - 199 = 2*l + 39, q = -2*l - o. Let w = 119 + q. Calculate the remainder when w is divided by 16.
14
Suppose 206 = 4*a + 2*u, 2*a - 9*u = -5*u + 128. Calculate the remainder when a is divided by 6.
0
Let v = -58912 + 58923. Let f = -208 - -144. What is the remainder when (6/4)/((-3)/f) is divided by v?
10
Let k = 22 + -10. Let a(z) = 26*z - 5. Let n be a(3). Let m = n - 51. Calculate the remainder when m is divided by k.
10
What is the remainder when 798 is divided by (-4)/(-8 + 10 - (-44)/(-20))?
18
Suppose -2*l + 249 = g, -4*l + g + 126 = -3*l. Suppose 4 = 2*o - 16. Suppose 5*u - l + o = 0. What is the remainder when u is divided by 6?
5
Let s(g) = g**3 - 4*g**2 - 4*g - 8. Let x be s(4). Suppose 0 = 4*q - 70 + 238. Let r = x - q. Calculate the remainder when 30 is divided by r.
12
Let b = -115 - -117. Calculate the remainder when 22 is divided by 15/b + 3/(-6).
1
Suppose -l = p - 70, p - 5*l - 25 - 33 = 0. What is the remainder when 226 is divided by p?
22
Calculate the remainder when 38/38*230/1 is divided by 26.
22
Let c = 14 - 7. Let d = c + -4. Suppose d = y - 4. What is the remainder when 11 is divided by y?
4
Let m = 4 - -3. Suppose -m*t + 94 = -18. What is the remainder when 27 is divided by t?
11
Let d be (-3)/(-1) + 2 - 10/2. Let j(p) be the first derivative of p**2 + 19*p + 1. What is the remainder when j(d) is divided by 5?
4
Suppose 9*m + 20 = -25. What is the remainder when 4 is divided by 10/4*(-6)/m?
1
Suppose 5*x = 2*d - 0*d - 47, -5*d + 60 = -x. Suppose 11 = 3*n - 7. Let i = d - n. What is the remainder when i is divided by 3?
2
Let d(o) = -o**3 + 3*o**2 + o - 4. Suppose -j = -4*f + 4, 3*f = -j - j - 8. What is the remainder when d(j) is divided by 35?
34
Suppose 0 = -3*o + 8*o. Suppose -4*z + 60 = 2*a, 2*a = -o*a - 2*z + 52. Calculate the remainder when 85 is divided by a.
19
Let o = 25 + -20. Suppose 11 + 139 = o*u. What is the remainder when u is divided by 11?
8
Suppose 0 = 12*k - 1222 + 238. Let a = k - 26. What is the remainder when a is divided by 12?
8
Let s = 63 + -45. Suppose -3*c = 4*a - 2*a - 13, 4*c = -3*a + s. What is the remai